{"id":78,"date":"2021-12-23T05:36:16","date_gmt":"2021-12-23T05:36:16","guid":{"rendered":"https:\/\/klbtheme.com\/furnob\/?page_id=78"},"modified":"2022-10-06T14:01:18","modified_gmt":"2022-10-06T14:01:18","slug":"home","status":"publish","type":"page","link":"https:\/\/eurogoldmobiliario.com\/","title":{"rendered":"Home"},"content":{"rendered":"\t\t<div data-elementor-type=\"wp-page\" data-elementor-id=\"78\" class=\"elementor elementor-78\">\n\t\t\t\t\t\t\t\t\t<section class=\"elementor-section elementor-top-section elementor-element elementor-element-329fc62 elementor-section-boxed elementor-section-height-default elementor-section-height-default\" data-id=\"329fc62\" data-element_type=\"section\">\n\t\t\t\t\t\t<div class=\"elementor-container elementor-column-gap-extended\">\n\t\t\t\t\t<div class=\"elementor-column elementor-col-50 elementor-top-column elementor-element elementor-element-0559c0e elementor-hidden-tablet elementor-hidden-mobile\" data-id=\"0559c0e\" data-element_type=\"column\">\n\t\t\t<div class=\"elementor-widget-wrap\">\n\t\t\t\t\t\t\t\t\t<\/div>\n\t\t<\/div>\n\t\t\t\t<div class=\"elementor-column elementor-col-50 elementor-top-column elementor-element elementor-element-5ea9d2f\" data-id=\"5ea9d2f\" data-element_type=\"column\">\n\t\t\t<div class=\"elementor-widget-wrap elementor-element-populated\">\n\t\t\t\t\t\t\t\t<div class=\"elementor-element elementor-element-6207951 elementor-aspect-ratio-169 elementor-widget elementor-widget-video\" data-id=\"6207951\" data-element_type=\"widget\" data-settings=\"{&quot;video_type&quot;:&quot;hosted&quot;,&quot;autoplay&quot;:&quot;yes&quot;,&quot;mute&quot;:&quot;yes&quot;,&quot;controls&quot;:&quot;yes&quot;,&quot;aspect_ratio&quot;:&quot;169&quot;}\" data-widget_type=\"video.default\">\n\t\t\t\t<div class=\"elementor-widget-container\">\n\t\t\t<style>\/*! elementor - v3.6.8 - 27-07-2022 *\/\n.elementor-widget-video .elementor-widget-container{overflow:hidden;-webkit-transform:translateZ(0);transform:translateZ(0)}.elementor-widget-video .elementor-open-inline .elementor-custom-embed-image-overlay{position:absolute;top:0;left:0;width:100%;height:100%;background-size:cover;background-position:50%}.elementor-widget-video .elementor-custom-embed-image-overlay{cursor:pointer;text-align:center}.elementor-widget-video .elementor-custom-embed-image-overlay:hover .elementor-custom-embed-play i{opacity:1}.elementor-widget-video .elementor-custom-embed-image-overlay img{display:block;width:100%}.elementor-widget-video .e-hosted-video .elementor-video{-o-object-fit:cover;object-fit:cover}<\/style>\t\t<div class=\"e-hosted-video elementor-wrapper elementor-fit-aspect-ratio elementor-open-inline\">\n\t\t\t\t\t<video class=\"elementor-video\" src=\"https:\/\/eurogoldmobiliario.com\/video\/VID-20150226-WA0000.mp4\" autoplay=\"\" controls=\"\" muted=\"muted\" controlsList=\"nodownload\"><\/video>\n\t\t\t\t<\/div>\n\t\t\t\t<\/div>\n\t\t\t\t<\/div>\n\t\t\t\t\t<\/div>\n\t\t<\/div>\n\t\t\t\t\t\t\t<\/div>\n\t\t<\/section>\n\t\t\t\t<div class=\"elementor-section elementor-top-section elementor-element elementor-element-8d093b3 elementor-section-boxed elementor-section-height-default elementor-section-height-default\" data-id=\"8d093b3\" data-element_type=\"section\">\n\t\t\t\t\t\t<div class=\"elementor-container elementor-column-gap-no\">\n\t\t\t\t\t<div class=\"elementor-column elementor-col-100 elementor-top-column elementor-element elementor-element-b227214\" data-id=\"b227214\" data-element_type=\"column\">\n\t\t\t<div class=\"elementor-widget-wrap elementor-element-populated\">\n\t\t\t\t\t\t\t\t<section class=\"elementor-section elementor-inner-section elementor-element elementor-element-bc8ce90 elementor-section-boxed elementor-section-height-default elementor-section-height-default\" data-id=\"bc8ce90\" data-element_type=\"section\">\n\t\t\t\t\t\t<div class=\"elementor-container elementor-column-gap-extended\">\n\t\t\t\t\t<div class=\"elementor-column elementor-col-100 elementor-inner-column elementor-element elementor-element-3171467\" data-id=\"3171467\" data-element_type=\"column\">\n\t\t\t<div class=\"elementor-widget-wrap elementor-element-populated\">\n\t\t\t\t\t\t\t\t<div class=\"elementor-element elementor-element-a53a865 elementor-widget elementor-widget-furnob-custom-title\" data-id=\"a53a865\" data-element_type=\"widget\" data-widget_type=\"furnob-custom-title.default\">\n\t\t\t\t<div class=\"elementor-widget-container\">\n\t\t\t<div class=\"module-header klb-custom-title center type1\"><h3 class=\"entry-title\">Novedades<\/h3><div class=\"entry-description\"><p>Visite las novedades de nuestro cat\u00e1logo de productos\n<\/p><\/div><!-- entry-description --><\/div><!-- module-header -->\t\t<\/div>\n\t\t\t\t<\/div>\n\t\t\t\t\t<\/div>\n\t\t<\/div>\n\t\t\t\t\t\t\t<\/div>\n\t\t<\/section>\n\t\t\t\t<section class=\"elementor-section elementor-inner-section elementor-element elementor-element-fb52b4d elementor-section-boxed elementor-section-height-default elementor-section-height-default\" data-id=\"fb52b4d\" data-element_type=\"section\">\n\t\t\t\t\t\t<div class=\"elementor-container elementor-column-gap-extended\">\n\t\t\t\t\t<div class=\"elementor-column elementor-col-100 elementor-inner-column elementor-element elementor-element-ee4bbb6\" data-id=\"ee4bbb6\" data-element_type=\"column\">\n\t\t\t<div class=\"elementor-widget-wrap elementor-element-populated\">\n\t\t\t\t\t\t\t\t<div class=\"elementor-element elementor-element-8acdfb6 elementor-widget elementor-widget-furnob-product-carousel\" data-id=\"8acdfb6\" data-element_type=\"widget\" data-widget_type=\"furnob-product-carousel.default\">\n\t\t\t\t<div class=\"elementor-widget-container\">\n\t\t\t<div class=\"site-module module-products\"><div class=\"module-body\"><div class=\"site-slider carousel owl-carousel products\" data-desktop=\"4\" data-tablet=\"3\" data-mobile=\"2\" data-speed=\"600\" data-loop=\"true\" data-gutter=\"30\" data-dots=\"true\" data-nav=\"true\" data-autoplay=\"false\" data-autospeed=\"\" data-autostop=\"true\"><div class=\"product product-type-simple\"><div class=\"product-content product-type-1\"><div class=\"thumbnail-wrapper\"><div class=\"product-buttons\"><a href=\"17616\" class=\"detail-bnt quick-view-button\"><i class=\"klbth-icon-resize\"><\/i><\/a><\/div><!-- product-buttons --><a href=\"https:\/\/eurogoldmobiliario.com\/index.php\/product\/vitrina-2p-3c-1h-80x40x215-provenzal-nogal\/\" class=\"hover-thumbnail\"><span class=\"second-thumbnail\" style=\"background-image: url(https:\/\/eurogoldmobiliario.com\/wp-content\/uploads\/2026\/02\/628028198_3379997592169220_1139356403480929813_n.jpg);\"><\/span><img decoding=\"async\" src=\"https:\/\/eurogoldmobiliario.com\/wp-content\/uploads\/2026\/02\/627861230_3379997502169229_6172120427294104273_n.jpg\" alt=\"VITRINA 2P 3C 1H (80X40X215) (PROVENZAL NOGAL)\"><\/a><a href=\"https:\/\/eurogoldmobiliario.com\/index.php\/product\/vitrina-2p-3c-1h-80x40x215-provenzal-nogal\/\" data-quantity=\"1\" class=\"button product_type_simple\" data-product_id=\"17616\" data-product_sku=\"00026944\" aria-label=\"Read more about &ldquo;VITRINA 2P 3C 1H (80X40X215) (PROVENZAL NOGAL)&rdquo;\" rel=\"nofollow\">Read more<\/a><\/div><!-- thumbnail-wrapper --><div class=\"content-wrapper\"><h3 class=\"product-title\"><a href=\"https:\/\/eurogoldmobiliario.com\/index.php\/product\/vitrina-2p-3c-1h-80x40x215-provenzal-nogal\/\">VITRINA 2P 3C 1H (80X40X215) (PROVENZAL NOGAL)<\/a><\/h3><span class=\"price\"><\/span><!-- price --><\/div><!-- content-wrapper --><\/div><!-- product-content --><\/div><div class=\"product product-type-simple\"><div class=\"product-content product-type-1\"><div class=\"thumbnail-wrapper\"><div class=\"product-buttons\"><a href=\"16373\" class=\"detail-bnt quick-view-button\"><i class=\"klbth-icon-resize\"><\/i><\/a><\/div><!-- product-buttons --><a href=\"https:\/\/eurogoldmobiliario.com\/index.php\/product\/juegos-consola-ps4-varios-precio\/\" class=\"hover-thumbnail\"><img decoding=\"async\" src=\"https:\/\/eurogoldmobiliario.com\/wp-content\/uploads\/2025\/09\/543481813_3219494458219535_2928205336640852811_n.jpg\" alt=\"JUEGOS CONSOLA PS4 (VARIOS PRECIO)\"><\/a><a href=\"?add-to-cart=16373\" data-quantity=\"1\" class=\"button product_type_simple add_to_cart_button ajax_add_to_cart\" data-product_id=\"16373\" data-product_sku=\"00025335\" aria-label=\"Add &ldquo;JUEGOS CONSOLA PS4 (VARIOS PRECIO)&rdquo; to your cart\" rel=\"nofollow\">Add to cart<\/a><\/div><!-- thumbnail-wrapper --><div class=\"content-wrapper\"><h3 class=\"product-title\"><a href=\"https:\/\/eurogoldmobiliario.com\/index.php\/product\/juegos-consola-ps4-varios-precio\/\">JUEGOS CONSOLA PS4 (VARIOS PRECIO)<\/a><\/h3><span class=\"price\"><\/span><!-- price --><\/div><!-- content-wrapper --><\/div><!-- product-content --><\/div><div class=\"product product-type-simple\"><div class=\"product-content product-type-1\"><div class=\"thumbnail-wrapper\"><div class=\"product-buttons\"><a href=\"17655\" class=\"detail-bnt quick-view-button\"><i class=\"klbth-icon-resize\"><\/i><\/a><\/div><!-- product-buttons --><a href=\"https:\/\/eurogoldmobiliario.com\/index.php\/product\/barra-barra-de-bar-360x60x125-cambria-con-luces-led\/\" class=\"hover-thumbnail\"><span class=\"second-thumbnail\" style=\"background-image: url(https:\/\/eurogoldmobiliario.com\/wp-content\/uploads\/2026\/02\/632728061_3383362708499375_7372836730834781208_n.jpg);\"><\/span><img decoding=\"async\" src=\"https:\/\/eurogoldmobiliario.com\/wp-content\/uploads\/2026\/02\/630329302_3383362685166044_2236899851387657371_n.jpg\" alt=\"BARRA \/ BARRA DE BAR (360X60X125) (CAMBRIA CON LUCES LED)\"><\/a><a href=\"?add-to-cart=17655\" data-quantity=\"1\" class=\"button product_type_simple add_to_cart_button ajax_add_to_cart\" data-product_id=\"17655\" data-product_sku=\"00026901\" aria-label=\"Add &ldquo;BARRA \/ BARRA DE BAR (360X60X125) (CAMBRIA CON LUCES LED)&rdquo; to your cart\" rel=\"nofollow\">Add to cart<\/a><\/div><!-- thumbnail-wrapper --><div class=\"content-wrapper\"><h3 class=\"product-title\"><a href=\"https:\/\/eurogoldmobiliario.com\/index.php\/product\/barra-barra-de-bar-360x60x125-cambria-con-luces-led\/\">BARRA \/ BARRA DE BAR (360X60X125) (CAMBRIA CON LUCES LED)<\/a><\/h3><span class=\"price\"><\/span><!-- price --><\/div><!-- content-wrapper --><\/div><!-- product-content --><\/div><div class=\"product product-type-simple\"><div class=\"product-content product-type-1\"><div class=\"thumbnail-wrapper\"><div class=\"product-buttons\"><a href=\"16392\" class=\"detail-bnt quick-view-button\"><i class=\"klbth-icon-resize\"><\/i><\/a><\/div><!-- product-buttons --><a href=\"https:\/\/eurogoldmobiliario.com\/index.php\/product\/disco-de-vinilo-varios\/\" class=\"hover-thumbnail\"><img decoding=\"async\" src=\"https:\/\/eurogoldmobiliario.com\/wp-content\/uploads\/2025\/09\/543367351_3219496471552667_4394580276740407186_n.jpg\" alt=\"DISCO DE VINILO (VARIOS)\"><\/a><a href=\"?add-to-cart=16392\" data-quantity=\"1\" class=\"button product_type_simple add_to_cart_button ajax_add_to_cart\" data-product_id=\"16392\" data-product_sku=\"00026159\" aria-label=\"Add &ldquo;DISCO DE VINILO (VARIOS)&rdquo; to your cart\" rel=\"nofollow\">Add to cart<\/a><\/div><!-- thumbnail-wrapper --><div class=\"content-wrapper\"><h3 class=\"product-title\"><a href=\"https:\/\/eurogoldmobiliario.com\/index.php\/product\/disco-de-vinilo-varios\/\">DISCO DE VINILO (VARIOS)<\/a><\/h3><span class=\"price\"><\/span><!-- price --><\/div><!-- content-wrapper --><\/div><!-- product-content --><\/div><div class=\"product product-type-simple\"><div class=\"product-content product-type-1\"><div class=\"thumbnail-wrapper\"><div class=\"product-buttons\"><a href=\"14203\" class=\"detail-bnt quick-view-button\"><i class=\"klbth-icon-resize\"><\/i><\/a><\/div><!-- product-buttons --><a href=\"https:\/\/eurogoldmobiliario.com\/index.php\/product\/radiador-mica-bm-15-1500w\/\" class=\"hover-thumbnail\"><img decoding=\"async\" src=\"https:\/\/eurogoldmobiliario.com\/wp-content\/uploads\/2024\/12\/fee_786_587_png.webp\" alt=\"RADIADOR MICA BM-15 1500W\"><\/a><a href=\"https:\/\/eurogoldmobiliario.com\/index.php\/product\/radiador-mica-bm-15-1500w\/\" data-quantity=\"1\" class=\"button product_type_simple\" data-product_id=\"14203\" data-product_sku=\"00025719\" aria-label=\"Read more about &ldquo;RADIADOR MICA BM-15 1500W&rdquo;\" rel=\"nofollow\">Read more<\/a><\/div><!-- thumbnail-wrapper --><div class=\"content-wrapper\"><h3 class=\"product-title\"><a href=\"https:\/\/eurogoldmobiliario.com\/index.php\/product\/radiador-mica-bm-15-1500w\/\">RADIADOR MICA BM-15 1500W<\/a><\/h3><span class=\"price\"><\/span><!-- price --><\/div><!-- content-wrapper --><\/div><!-- product-content --><\/div><div class=\"product product-type-simple\"><div class=\"product-content product-type-1\"><div class=\"thumbnail-wrapper\"><div class=\"product-buttons\"><a href=\"6219\" class=\"detail-bnt quick-view-button\"><i class=\"klbth-icon-resize\"><\/i><\/a><\/div><!-- product-buttons --><a href=\"https:\/\/eurogoldmobiliario.com\/index.php\/product\/x2-taburete-alto-40x40x105-tap-beig-pata-oro-saldos-franco-furniture\/\" class=\"hover-thumbnail\"><span class=\"second-thumbnail\" style=\"background-image: url(https:\/\/eurogoldmobiliario.com\/wp-content\/uploads\/2023\/10\/393707480_2614771105358543_8200457978954396351_n.jpg);\"><\/span><img decoding=\"async\" src=\"https:\/\/eurogoldmobiliario.com\/wp-content\/uploads\/2023\/10\/394512780_2614770632025257_7234782762873994776_n.jpg\" alt=\"X2 TABURETE ALTO 40X40X105 (TAP.BEIG \/ PATA ORO) *SALDOS FRANCO FURNITURE*\"><\/a><a href=\"https:\/\/eurogoldmobiliario.com\/index.php\/product\/x2-taburete-alto-40x40x105-tap-beig-pata-oro-saldos-franco-furniture\/\" data-quantity=\"1\" class=\"button product_type_simple\" data-product_id=\"6219\" data-product_sku=\"00024238\" aria-label=\"Read more about &ldquo;X2 TABURETE ALTO 40X40X105 (TAP.BEIG \/ PATA ORO) *SALDOS FRANCO FURNITURE*&rdquo;\" rel=\"nofollow\">Read more<\/a><\/div><!-- thumbnail-wrapper --><div class=\"content-wrapper\"><h3 class=\"product-title\"><a href=\"https:\/\/eurogoldmobiliario.com\/index.php\/product\/x2-taburete-alto-40x40x105-tap-beig-pata-oro-saldos-franco-furniture\/\">X2 TABURETE ALTO 40X40X105 (TAP.BEIG \/ PATA ORO) *SALDOS FRANCO FURNITURE*<\/a><\/h3><span class=\"price\"><\/span><!-- price --><\/div><!-- content-wrapper --><\/div><!-- product-content --><\/div><div class=\"product product-type-simple\"><div class=\"product-content product-type-1\"><div class=\"thumbnail-wrapper\"><div class=\"product-buttons\"><a href=\"17654\" class=\"detail-bnt quick-view-button\"><i class=\"klbth-icon-resize\"><\/i><\/a><\/div><!-- product-buttons --><a href=\"https:\/\/eurogoldmobiliario.com\/index.php\/product\/sillon-butaca-mod-knisa-ikea-blanco-29\/\" class=\"hover-thumbnail\"><span class=\"second-thumbnail\" style=\"background-image: url(https:\/\/eurogoldmobiliario.com\/wp-content\/uploads\/2026\/02\/626945050_3380003555501957_2122655554698393454_n.jpg);\"><\/span><img decoding=\"async\" src=\"https:\/\/eurogoldmobiliario.com\/wp-content\/uploads\/2026\/02\/629826659_3380003508835295_6208070055199240877_n.jpg\" alt=\"SILLON \/ BUTACA MOD: KNISA IKEA (BLANCO)\"><\/a><a href=\"?add-to-cart=17654\" data-quantity=\"1\" class=\"button product_type_simple add_to_cart_button ajax_add_to_cart\" data-product_id=\"17654\" data-product_sku=\"00026941\" aria-label=\"Add &ldquo;SILLON \/ BUTACA MOD: KNISA IKEA (BLANCO)&rdquo; to your cart\" rel=\"nofollow\">Add to cart<\/a><\/div><!-- thumbnail-wrapper --><div class=\"content-wrapper\"><h3 class=\"product-title\"><a href=\"https:\/\/eurogoldmobiliario.com\/index.php\/product\/sillon-butaca-mod-knisa-ikea-blanco-29\/\">SILLON \/ BUTACA MOD: KNISA IKEA (BLANCO)<\/a><\/h3><span class=\"price\"><\/span><!-- price --><\/div><!-- content-wrapper --><\/div><!-- product-content --><\/div><div class=\"product product-type-simple\"><div class=\"product-content product-type-1\"><div class=\"thumbnail-wrapper\"><div class=\"product-buttons\"><a href=\"17603\" class=\"detail-bnt quick-view-button\"><i class=\"klbth-icon-resize\"><\/i><\/a><\/div><!-- product-buttons --><a href=\"https:\/\/eurogoldmobiliario.com\/index.php\/product\/comoda-5c-112x48x115-avellana\/\" class=\"hover-thumbnail\"><span class=\"second-thumbnail\" style=\"background-image: url(https:\/\/eurogoldmobiliario.com\/wp-content\/uploads\/2026\/02\/629458385_3380010905501222_1377365922104865692_n.jpg);\"><\/span><img decoding=\"async\" src=\"https:\/\/eurogoldmobiliario.com\/wp-content\/uploads\/2026\/02\/627589780_3380010842167895_8918342599077978629_n.jpg\" alt=\"COMODA 5C (112X48X115) (AVELLANA)\"><\/a><a href=\"https:\/\/eurogoldmobiliario.com\/index.php\/product\/comoda-5c-112x48x115-avellana\/\" data-quantity=\"1\" class=\"button product_type_simple\" data-product_id=\"17603\" data-product_sku=\"00026939\" aria-label=\"Read more about &ldquo;COMODA 5C (112X48X115) (AVELLANA)&rdquo;\" rel=\"nofollow\">Read more<\/a><\/div><!-- thumbnail-wrapper --><div class=\"content-wrapper\"><h3 class=\"product-title\"><a href=\"https:\/\/eurogoldmobiliario.com\/index.php\/product\/comoda-5c-112x48x115-avellana\/\">COMODA 5C (112X48X115) (AVELLANA)<\/a><\/h3><span class=\"price\"><\/span><!-- price --><\/div><!-- content-wrapper --><\/div><!-- product-content --><\/div><\/div><!-- owl-carousel --><\/div><!-- module-body --><\/div><!-- site-module -->\t\t<\/div>\n\t\t\t\t<\/div>\n\t\t\t\t\t<\/div>\n\t\t<\/div>\n\t\t\t\t\t\t\t<\/div>\n\t\t<\/section>\n\t\t\t\t\t<\/div>\n\t\t<\/div>\n\t\t\t\t\t\t\t<\/div>\n\t\t<\/div>\n\t\t\t\t\t\t\t<\/div>\n\t\t","protected":false},"excerpt":{"rendered":"<p>https:\/\/eurogoldmobiliario.com\/video\/VID-20150226-WA0000.mp4 Novedades Visite las novedades de nuestro cat\u00e1logo de productos Leer m\u00e1s Espejo circular Leer m\u00e1s Cafetera de mano Leer m\u00e1s SILLO DE MADERA Leer m\u00e1s MICROONDAS USADO<\/p>\n","protected":false},"author":1,"featured_media":0,"parent":0,"menu_order":0,"comment_status":"closed","ping_status":"closed","template":"","meta":{"footnotes":""},"class_list":["post-78","page","type-page","status-publish","hentry"],"_links":{"self":[{"href":"https:\/\/eurogoldmobiliario.com\/index.php\/wp-json\/wp\/v2\/pages\/78","targetHints":{"allow":["GET"]}}],"collection":[{"href":"https:\/\/eurogoldmobiliario.com\/index.php\/wp-json\/wp\/v2\/pages"}],"about":[{"href":"https:\/\/eurogoldmobiliario.com\/index.php\/wp-json\/wp\/v2\/types\/page"}],"author":[{"embeddable":true,"href":"https:\/\/eurogoldmobiliario.com\/index.php\/wp-json\/wp\/v2\/users\/1"}],"replies":[{"embeddable":true,"href":"https:\/\/eurogoldmobiliario.com\/index.php\/wp-json\/wp\/v2\/comments?post=78"}],"version-history":[{"count":29,"href":"https:\/\/eurogoldmobiliario.com\/index.php\/wp-json\/wp\/v2\/pages\/78\/revisions"}],"predecessor-version":[{"id":3341,"href":"https:\/\/eurogoldmobiliario.com\/index.php\/wp-json\/wp\/v2\/pages\/78\/revisions\/3341"}],"wp:attachment":[{"href":"https:\/\/eurogoldmobiliario.com\/index.php\/wp-json\/wp\/v2\/media?parent=78"}],"curies":[{"name":"wp","href":"https:\/\/api.w.org\/{rel}","templated":true}]}}